8 - (-39 - -80) - -42.
9
What is the value of 12 + 52 + -123 - -76?
17
What is the value of 9 + -2 + 7129 + -7007?
129
Calculate -9 - (-4 + (7 - 4) - (10 + 1 + -12)).
-9
Evaluate 42 + -61 + 1 + 16 - 10.
-12
What is 99 + -44 - (7 + 12) - -13?
49
Evaluate 0 + 2 + (-24 - (20 - 25) - -19).
2
Calculate (-1 - 1) + 5 + (-9 - 2 - -2) + 6.
0
Calculate (-1 - -16) + (-92 - (218 + -425)).
130
What is the value of (-4 + 3 - (-12 - -11)) + 4 - (125 - 94)?
-27
What is the value of -12 + (-4 - (6 - 6)) + 4 - 0?
-12
Calculate (-306 + 296 - -17) + (-50 - (0 - -1)).
-44
What is the value of 4 + 67 + 251 + -292?
30
Evaluate 37 + 43 + (10 - -6) + -23.
73
What is the value of (-58 - (-51 + 20)) + 10 + -1 + 20?
2
Evaluate 3 - (-33 + -2 - (2 - (5 + 1))).
34
Evaluate (-17 - 52) + (355 + -357 - (-1 - 2)).
-68
Evaluate -39 - (3 + -2) - (2893 + -2868).
-65
Evaluate -25 + 17 + (8 - 53 - -2).
-51
(31 - 0) + 1 + (82 + -110 - (-15 - 1))
20
-16 - ((10 - -1) + (-38 - 31))
42
What is the value of 33 - (-35 - (-8 - 26)) - 7?
27
Calculate -31 + -70 - (-158 - -50).
7
Evaluate -28 + (-23 - (-17 + -70)).
36
What is 1 - (4 - 0) - (-213 + 242)?
-32
Evaluate (31 - (-24 - -75)) + (10 - 27).
-37
Evaluate 9 - (138 + (-101 - -80)).
-108
What is the value of -12 + (160 - 102) + (-5 - 2)?
39
What is (29 - -20) + 31 + -9?
71
Evaluate (1 + 1 - 39) + (168 - -178) + -349.
-40
Evaluate -4 + (-74 - -68) - 44.
-54
Calculate 46 + -14 + -120 - -73.
-15
Calculate -15 - -12 - (100 - 51).
-52
1 + (24 - -27) - (-6 - -2)
56
Calculate 10 + 23 + 2 + -5 + (27 - 12).
45
What is -1 + ((-5 - -6) + 4 - (-95 - -43) - 9)?
47
What is 3 - (-8 - ((-10 - 2) + 6)) - -4?
9
Evaluate 8126 + -8067 + 1 + 0 + -17 - (0 + -5).
48
Evaluate (67 - 103) + -61 + 150.
53
What is (3 - (2 + 13 - 2) - -17 - 18) + -27?
-38
26112 + -26121 - (1 - -57)
-67
(-19 - -42 - 3) + (-13 + 20 - 79)
-52
Evaluate -64 + 63 - (-8 + 5 + -2).
4
What is (-1 - -10) + (-10 - (-13 + 4)) + 41?
49
Evaluate (3 - 1 - (4 - (-13 + 9))) + 2.
-4
-24 - 16 - 20 - -46
-14
Evaluate 29 - (22 + 222 - 108).
-107
What is the value of (18 - -29) + -46 + -3 + 1 + 13?
12
What is 51 + 93 + 42 + -88?
98
What is 34 + (40 + 39 + -72 - (2 - (5 + 0)))?
44
Evaluate (10 - (5 + -99)) + (-32 - -9 - -6).
87
Calculate (10 - (3 + -19)) + -50.
-24
-8 - (1 + 4 + (-16 - (-19 - -9)))
-7
(7 + 141 - 263) + 123
8
What is -23 - (-14 + 14 + 12 + -21)?
-14
11 - (21 + 7 + (1 - 5) + -5)
-8
Evaluate -33 - (-48 + (45 - -2)).
-32
What is -24 + (11 + -64 - -66) - (126 + -2)?
-135
Evaluate (18 + 52 - 42) + 29.
57
What is the value of -29 + 66 + -105 + -3 + -3?
-74
46 - (14 + -10 + 7 + 8)
27
(-70 - -3) + 2 + -5 + -4 + 23 + -4
-55
What is 69 - (0 + -18 + 57)?
30
What is the value of 34 - (-54 + 64 - (-2 + 4 - 2))?
24
Calculate 0 - 7 - (-83 - -38) - (29 + -15).
24
Evaluate -1967 + 1933 - (-120 + 4).
82
What is 3 + 23 + (129 - (-70 - -93))?
132
What is -48 + (-3 - -1) - ((-15 - -5) + 3 - -4)?
-47
What is 5 - 9 - -8 - (15 - (-8 - -23))?
4
Evaluate 43 + (-50 - (-25 - 38)).
56
Calculate (-28 - -14) + 5 + 5 + -28 + 6.
-26
Calculate -71 + 82 + -33 + (-17 - 19).
-58
60 + (62 - 70) + 5 + (3 + -4 - 0)
56
39 - (27 + 2 + -2 - 46)
58
Evaluate -13 + 2 + 5 - (-16 + 4 + -12 - -10).
8
2204 + -2120 + -3 + 1 + -29 - (0 + 6)
47
What is -594 - -624 - (-1 - -3 - (4 + 3 + -2))?
33
Calculate 31 - (17 + 3 + -13 + -14).
38
67 - (-1 + -1 + (-29 + 16 - -17))
65
Evaluate (9 + 9 - 6 - -54) + -9.
57
What is -6 - (23 + -41 - -1) - (8 + 0)?
3
What is (9 - -2) + 107 + (-236 - -113)?
-5
Calculate -2 - ((9 - 0) + 2 + 48 + -55) - 11.
-17
-6 + 56 + -1 + (39 - 80 - -28)
36
Calculate 16 + (-8 - (26 - -96)).
-114
-11 + (3 - (-8 + 6 + 2) - -16) + -86
-78
Evaluate 1 - (14 + -13) - -2 - -41 - -10.
53
Calculate -17 - 1 - (-741 + 722) - 21.
-20
What is (-4 - -9 - 5) + 46 - (10 + -9 - -2)?
43
What is 74 + (13 + -3 - (-60 - -69)) - 17?
58
What is the value of -9 - (-51 + 22) - (-35 + 9 + -2)?
48
What is the value of (1 - (-12 + -2)) + -13 + 3 + -24?
-19
(8 - 2) + (-14 - ((2 - -53) + -114))
51
What is the value of -2 + -1 - -3 - ((-5 - (-14 - -20)) + -8)?
19
Calculate -1 + -24 + 57 + (-80 - -43).
-5
Calculate 10 + (5 + -51 + 5 - 13) + -5.
-49
Evaluate 15 - (11 + (6 - (23 + 9)) + -94 + 31).
93
Calculate -2 + -96 - -225 - -2.
129
What is the value of -25 - (-19 - -6 - 31)?
19
What is the value of 2 + 156 + (-58 - 34)?
66
Calculate -15 - -37 - (-8 + (23 - -8)).
-1
What is the value of -69 + (-16 - (17 + (-15 - (-8 - -43))))?
-52
What is -3 + 84 - ((13 - 4) + 4 + 12 + -15)?
71
What is the value of -46 + 43 + (-3 - 7) - 36 - 6?
-55
What is the value of (16 - 28 - 39) + 90?
39
What is 41 - (39 + -13 + -31 + 22)?
24
What is 26 - (22 + 4 + -8 + 1)?
7
What is 6 - (-17 + -12 + 17)?
18
What is -2554 + 2476 + (34 - 1) + 13?
-32
What is -51 - (27 - -2 - 40)?
-40
What is (6 - 13 - (1 + -11)) + -23?
-20
Calculate 0 + 1 + -7 + 5 + 6 - (-18 + 19).
4
What is the value of (3 + -12 + 25 - (57 - -16)) + -2 + -1?
-60
What is the value of -36 - (237 + -275 + 137)?
-135
Calculate 12 + (-441 - -429 - ((-1 - 0) + -1)) - 0.
2
(-8 - 11) + 33 + (-1 - 21) + -5
-13
-61 + (20 + 22 + -39 - (5 - (11 - 4)))
-56
What is the value of 16 + 17 + 56 - 140?
-51
What is (3 - 8) + (26 - (18 + 15)) + 19 + -1?
6
Evaluate -34 - (0 + 18 - (-5 + 1)).
-56
What is the value of 27 + (-2 - (10 + 11 + 6 + -37)) + 0?
35
Calculate -71 + 0 - (3376 + -3445).
-2
What is (-6 - ((6 - 3) + -12)) + 39 + 28 + 14?
84
Calculate 32 + (-65 - -84) + 11.
62
79 + -238 + (108 - 8)
-59
What is -5 - (-7 + 7) - -12 - (12 + -9 + 88)?
-84
(-45 + -112 - -103) + (0 + 13 - (-1 - -1))
-41
(35 - 21 - 38) + 5 + (-2 - -3)
-18
Evaluate (15 - 51) + 35 + (-5 - -4) + 14.
12
What is -73 - (3 + (3 - 27) - (-449 - -403))?
-98
What is the value of (-87 - -104) + -36 + (4 - 1)?
-16
What is (2 - -10) + 6 + (15 - (24 - 8))?
17
Evaluate (35 - -62) + -176 - -99.
20
What is -2 - (-4 + 18 + -21 + 6 + 6 + -1)?
-6
Evaluate 2 + 0 + 16 + 0 + 6.
24
Calculate 19 + -67 + (1 - 6 - (-36 - -32)).
-49
Evaluate 46 + 25 + -114 + 21.
-22
What is 0 + 0 - -42 - (204 + 125 + -309)?
22
-2 + 4 - -5 - (0 + (-9 - -7) - -3)
6
What is (-7 + -1 - -10) + -10 + (-89 - -31)?
-66
What is 3 + 0 - 51 - (-61 - 14 - -65)?
-38
What is the value of (86 - -1 - 60) + 15?
42
Calculate 9 - (-1 + (0 - (2 - (-12 + 21)))).
3
Evaluate (-438 - -435) + -20 + 1 - -20.
-2
What is the value of 5 - (-117 + (19 - 6 - ((0 - 0) + 1)))?
110
Evaluate 0 + (2 - 11 - -6) - (-46 + 16).
27
Calculate -1 - 11 - ((-23 + 1 - -39) + -12).
-17
What is the value of 10 - (2 + 5 + -37)?
40
What is -8 + -13 + 6 - (17 - 26 - 3)?
-3
Calculate -3058 + 3062 + (4 - (-20 - -2) - 3).
23
-18 - -1 - (39 + -87 + 47) - (-1 + 0)
-15
-17 + 14 + -12 + (-11 + 14 - -28)
16
Calculate -1 + 24 - ((109 - 259) + 137).
36
What is (3 - (-8 - (1 - (4 + -1)))) + 207 + -189?
27
What is the value of 85 - (-22 - -58 - -88)?
-39
Calculate 39 - 52 - (281 + -405).
111
Evaluate -9 - (9 - (2 - -17 - -4)) - -7.
12
What is the value of 89 - (-117 - -114 - (-18 - (-5 - (1 + -3))))?
77
What is the value of 1 - -9 - (55 + 81 + -168)?
42
What is -12 - 141 - -105 - -8?
-40
Calculate 15 + (-39 - (-1 + 12 - (162 - 153))).
-26
What is (-1 - -47) + (-42 - (174 + -164))?
-6
What is (-3 - 0) + 3 - (56 + -39)?
-17
(7 + -10 - 2) + (-3 + -8 - -6) + -8
-18
Evaluate (25 - 49 - -14 - (-1 + -21)) + 41.
53
(-110 - 5) + 111 - (-3 - 56)
55
0 - (-14 - ((-78 - -12) + 5))
-47
Calculate -21 + 8 + 11 + (-100 - -98).
-4
What is the value of 1 - 89 - ((-22 - 0) + (-16 - (-62 + 36)))?
-76
Calculate 64 - (90 - (152 + -55)).
71
Evaluate -2 + 2 + (14 - 16) - -30.
28
-1 + -2 + 46 + -2 + (-93 - 9)
-61
Calculate -8 + -4 + (8 - -1) + 30 + 87.
114
What is the value of 31 - (-50 - (-94 + 17))?
4
What is the value of -1 + -1 + (144 - 305) + 198?
35
Evaluate -2 + 24 + -45 + -17 - 2.
-42
What is the value of (-8 - (19 + 3)) + -4 + 0 + 15?
-19
Evaluate 7 + (-81 - (93 - 196)).
29
What is (-99 + -23 - -220) + -119?
-21
Calculate (5 + (-20 - -20) - 10) + (44 - -1).
40
What is the value of (12 - (-63 - (12 - 15))) + -11?
61
Evaluate 18 - (-287 - -286 - (-13 - -2)).
8
Calculate 23 - 27 - 79 - 0.
-83
What is the value of (22 - -1) + -1443 + 1424 + 68?
72
Evaluate (-166 - -206) + 8 + -27.
21
Calculate -309 + 337 - (-1 - -29) - 130.
-130
(23 - -8) + -32 + 58 - (-1 + -3 + 5)
56
Calculate 240 + (105